{"id":1637,"date":"2024-04-16T08:27:52","date_gmt":"2024-04-16T07:27:52","guid":{"rendered":"https:\/\/wernerzehe.de\/?page_id=1637"},"modified":"2024-04-16T08:31:19","modified_gmt":"2024-04-16T07:31:19","slug":"fahhradnavigation","status":"publish","type":"page","link":"https:\/\/wernerzehe.de\/?page_id=1637","title":{"rendered":"Fahhradnavigation"},"content":{"rendered":"\n<p id=\"block-cb2e31a2-23ea-4efa-bd60-b221d659bd84\">Zum Wandern und beim Rad fahren verwende ich die Locus Map App <a href=\"https:\/\/www.locusmap.app\/de\/\" target=\"_blank\" rel=\"noreferrer noopener\">https:\/\/www.locusmap.app\/de\/<\/a> mit den sehr g\u00fcnstigen, f\u00fcr die App optimierten eigenen Karten.<\/p>\n\n\n\n<figure class=\"wp-block-image\" id=\"block-44361e4c-8d7b-414a-9bce-bf1f3b33ae3e\"><a href=\"https:\/\/wernerzehe.de\/wp-content\/uploads\/2022\/07\/20220714_180919-scaled.jpg\"><img decoding=\"async\" src=\"https:\/\/wernerzehe.de\/wp-content\/uploads\/2022\/07\/20220714_180919-768x1024.jpg\" alt=\"Dieses Bild hat ein leeres Alt-Attribut. Der Dateiname ist 20220714_180919-768x1024.jpg\"\/><\/a><\/figure>\n\n\n\n<p id=\"block-2270e62f-90ce-4b32-8c4c-fc0c489a9469\">Die App kann ich wirklich nur empfehlen, sowohl zum Wandern und Rad fahren bietet Sie tolle Funktionen, eine super anpassbare APP und alle Rad- und Wanderwege sind schon integriert. Ich habe die APP auf meinem Handy, dass in einem Halter am Fahrrad befestigt ist. Sollte es wirklich mal eng werden mit der Akku Laufzeit (Wobei Locus Map schonend mit dem AKKU umgeht), h\u00e4nge ich einfach eine kleine Powerbank dran.<\/p>\n\n\n\n<p>Update 04.2024:<\/p>\n\n\n\n<p>Da wir aktuell wirklich lange Touren machen und ich auch nicht immer eine pwerBank mitschleppen m\u00f6chte, habe ich einen Ausgang am Bosch Antrieb freischalten lassen und eine USB-Buchse angeschlossen. Damit ist es nun m\u00f6glich auch w\u00e4hrend der fahrt ohne den Umweg einer Powerbank das Handy zu laden. den Umbau werde ich bei Gelegenheit mal dokumentieren und hier einstellen.<\/p>\n\n\n\n<p id=\"block-c41aba22-a2c0-4fa4-ac04-91b453897d9b\">Hier die Anzeige von Locus Map mit Fahrradwege:<\/p>\n\n\n\n<figure class=\"wp-block-image\" id=\"block-c5d5db96-2326-4f46-aa72-6680448dcae4\"><a href=\"https:\/\/wernerzehe.de\/wp-content\/uploads\/2022\/07\/Screenshot_20220714-180807_Locus-Map-Classic.jpg\"><img decoding=\"async\" src=\"https:\/\/wernerzehe.de\/wp-content\/uploads\/2022\/07\/Screenshot_20220714-180807_Locus-Map-Classic-461x1024.jpg\" alt=\"Dieses Bild hat ein leeres Alt-Attribut. Der Dateiname ist Screenshot_20220714-180807_Locus-Map-Classic-461x1024.jpg\"\/><\/a><\/figure>\n\n\n\n<p id=\"block-4c44f500-4d17-4b41-9a3f-4f1525117f53\">Auswahl des Kartenthemas<\/p>\n\n\n\n<figure class=\"wp-block-image\" id=\"block-7923299f-0a9c-42f1-8637-807fb3a48c70\"><a href=\"https:\/\/wernerzehe.de\/wp-content\/uploads\/2022\/07\/Screenshot_20220714-180826_Locus-Map-Classic.jpg\"><img decoding=\"async\" src=\"https:\/\/wernerzehe.de\/wp-content\/uploads\/2022\/07\/Screenshot_20220714-180826_Locus-Map-Classic-461x1024.jpg\" alt=\"Dieses Bild hat ein leeres Alt-Attribut. Der Dateiname ist Screenshot_20220714-180826_Locus-Map-Classic-461x1024.jpg\"\/><\/a><\/figure>\n\n\n\n<p id=\"block-56614504-4552-414b-b28d-5bc7d4ffdb5f\">Umstellung auf Wandern:<\/p>\n\n\n\n<figure class=\"wp-block-image\" id=\"block-7de79a23-89f7-410e-9e9d-e84628c28431\"><a href=\"https:\/\/wernerzehe.de\/wp-content\/uploads\/2022\/07\/Screenshot_20220714-180833_Locus-Map-Classic.jpg\"><img decoding=\"async\" src=\"https:\/\/wernerzehe.de\/wp-content\/uploads\/2022\/07\/Screenshot_20220714-180833_Locus-Map-Classic-461x1024.jpg\" alt=\"Dieses Bild hat ein leeres Alt-Attribut. Der Dateiname ist Screenshot_20220714-180833_Locus-Map-Classic-461x1024.jpg\"\/><\/a><\/figure>\n\n\n\n<p id=\"block-eabea669-fb5d-4ab2-9c4c-47b515a475ec\">Und hier mit Wanderwege<\/p>\n\n\n\n<figure class=\"wp-block-image\" id=\"block-03221e2f-9179-4718-8af3-e64896cdb840\"><a href=\"https:\/\/wernerzehe.de\/wp-content\/uploads\/2022\/07\/Screenshot_20220714-180847_Locus-Map-Classic.jpg\"><img decoding=\"async\" src=\"https:\/\/wernerzehe.de\/wp-content\/uploads\/2022\/07\/Screenshot_20220714-180847_Locus-Map-Classic-461x1024.jpg\" alt=\"Dieses Bild hat ein leeres Alt-Attribut. Der Dateiname ist Screenshot_20220714-180847_Locus-Map-Classic-461x1024.jpg\"\/><\/a><\/figure>\n\n\n\n<p id=\"block-c6b5d64d-42d2-429f-9c1a-ba9406dbf0ee\">Wenn man weiter rein zoomt. hat man eine sehr genaue Karte.<\/p>\n\n\n\n<figure class=\"wp-block-image\" id=\"block-65827cbf-297a-4553-87f2-3a86a711eb98\"><a href=\"https:\/\/wernerzehe.de\/wp-content\/uploads\/2022\/07\/Screenshot_20220714-181505_Locus-Map-Classic.jpg\"><img decoding=\"async\" src=\"https:\/\/wernerzehe.de\/wp-content\/uploads\/2022\/07\/Screenshot_20220714-181505_Locus-Map-Classic-461x1024.jpg\" alt=\"Dieses Bild hat ein leeres Alt-Attribut. Der Dateiname ist Screenshot_20220714-181505_Locus-Map-Classic-461x1024.jpg\"\/><\/a><\/figure>\n","protected":false},"excerpt":{"rendered":"<p>Zum Wandern und beim Rad fahren verwende ich die Locus Map App https:\/\/www.locusmap.app\/de\/ mit den sehr g\u00fcnstigen, f\u00fcr die App optimierten eigenen Karten. Die App kann ich wirklich nur empfehlen, sowohl zum Wandern und Rad fahren bietet Sie tolle Funktionen, eine super anpassbare APP und alle Rad- und Wanderwege sind schon integriert. Ich habe die [&hellip;]<\/p>\n","protected":false},"author":1,"featured_media":0,"parent":0,"menu_order":0,"comment_status":"closed","ping_status":"closed","template":"","meta":{"footnotes":""},"class_list":["post-1637","page","type-page","status-publish","hentry"],"_links":{"self":[{"href":"https:\/\/wernerzehe.de\/index.php?rest_route=\/wp\/v2\/pages\/1637","targetHints":{"allow":["GET"]}}],"collection":[{"href":"https:\/\/wernerzehe.de\/index.php?rest_route=\/wp\/v2\/pages"}],"about":[{"href":"https:\/\/wernerzehe.de\/index.php?rest_route=\/wp\/v2\/types\/page"}],"author":[{"embeddable":true,"href":"https:\/\/wernerzehe.de\/index.php?rest_route=\/wp\/v2\/users\/1"}],"replies":[{"embeddable":true,"href":"https:\/\/wernerzehe.de\/index.php?rest_route=%2Fwp%2Fv2%2Fcomments&post=1637"}],"version-history":[{"count":2,"href":"https:\/\/wernerzehe.de\/index.php?rest_route=\/wp\/v2\/pages\/1637\/revisions"}],"predecessor-version":[{"id":1641,"href":"https:\/\/wernerzehe.de\/index.php?rest_route=\/wp\/v2\/pages\/1637\/revisions\/1641"}],"wp:attachment":[{"href":"https:\/\/wernerzehe.de\/index.php?rest_route=%2Fwp%2Fv2%2Fmedia&parent=1637"}],"curies":[{"name":"wp","href":"https:\/\/api.w.org\/{rel}","templated":true}]}}