{"id":5,"date":"2013-05-27T14:07:58","date_gmt":"2013-05-27T12:07:58","guid":{"rendered":"http:\/\/www.wernerzehe.de\/wp\/?page_id=5"},"modified":"2021-11-28T13:11:23","modified_gmt":"2021-11-28T12:11:23","slug":"home","status":"publish","type":"page","link":"https:\/\/wernerzehe.de\/","title":{"rendered":"Willkommen"},"content":{"rendered":"\n<figure class=\"wp-block-image size-full\"><a href=\"https:\/\/wernerzehe.de\/wp-content\/uploads\/2021\/11\/ich.jpg\"><img loading=\"lazy\" decoding=\"async\" width=\"800\" height=\"600\" src=\"https:\/\/wernerzehe.de\/wp-content\/uploads\/2021\/11\/ich.jpg\" alt=\"\" class=\"wp-image-1266\" srcset=\"https:\/\/wernerzehe.de\/wp-content\/uploads\/2021\/11\/ich.jpg 800w, https:\/\/wernerzehe.de\/wp-content\/uploads\/2021\/11\/ich-300x225.jpg 300w, https:\/\/wernerzehe.de\/wp-content\/uploads\/2021\/11\/ich-768x576.jpg 768w\" sizes=\"auto, (max-width: 800px) 100vw, 800px\" \/><\/a><figcaption>Verdonschlucht 2021<\/figcaption><\/figure>\n\n\n\n<p class=\"has-text-align-center\">Hier findet Ihr vieles zu meinen Hobbys, insbesondere zu meinen Auto und Motorradprojekten, sowie Berichte \u00fcber meine Motorradreisen und viele Bilder von Motorradtreffen.<\/p>\n\n\n\n<p>Neben meiner Schrauberei an Motorr\u00e4der bin ich noch ein wenig im IT-Bereich unterwegs. Daher habe ich schon fr\u00fch angefangen mich f\u00fcr Webseiten und Foren zu interessieren, da ich ja auch Foren als Wissensdatenbank Super finde.<\/p>\n\n\n\n<p><\/p>\n\n\n\n<p><strong>News: 28.11.2021: Weitere Seiten erg\u00e4nzt und aktualisiert. Z.B. Schraubstock Restaurierung, diverse Treffen und Reiseberichte, etc. In den n\u00e4chsten Tagen werde ich weitere alte Treffen Bilder hochladen.<\/strong><\/p>\n\n\n\n<p><\/p>\n\n\n\n<p>Aktuelle betreue ich als Admin noch folgende Foren:<\/p>\n\n\n\n<ul class=\"wp-block-list\"><li>Das Tigerhome, der Anlaufpunkt f\u00fcr alle Tigerfahrer: <a rel=\"noreferrer noopener\" href=\"https:\/\/tigerhome.de\/\" target=\"_blank\">https:\/\/tigerhome.de\/<\/a><\/li><li>Das KLR 650 Forum, die deutsche Anlaufstelle f\u00fcr alle KLR-Modelle: <a rel=\"noreferrer noopener\" href=\"http:\/\/klr650.de\/\" target=\"_blank\">http:\/\/klr650.de\/<\/a><\/li><li>Das Z750 Twin Forum f\u00fcr Themen rund um den Paralleltwin von Kawa: <a rel=\"noreferrer noopener\" href=\"https:\/\/www.z750twin.de\/forum\/\" target=\"_blank\">https:\/\/www.z750twin.de\/forum\/<\/a><\/li><li>Und noch das doch eher sp\u00e4rlich besuchte Jetta 6 Forum: <a rel=\"noreferrer noopener\" href=\"https:\/\/www.jetta-6.de\/forum\/\" target=\"_blank\">https:\/\/www.jetta-6.de\/forum\/<\/a><\/li><\/ul>\n","protected":false},"excerpt":{"rendered":"<p>Hier findet Ihr vieles zu meinen Hobbys, insbesondere zu meinen Auto und Motorradprojekten, sowie Berichte \u00fcber meine Motorradreisen und viele Bilder von Motorradtreffen. Neben meiner Schrauberei an Motorr\u00e4der bin ich noch ein wenig im IT-Bereich unterwegs. Daher habe ich schon fr\u00fch angefangen mich f\u00fcr Webseiten und Foren zu interessieren, da ich ja auch Foren als [&hellip;]<\/p>\n","protected":false},"author":1,"featured_media":0,"parent":0,"menu_order":0,"comment_status":"open","ping_status":"open","template":"sidebar-page.php","meta":{"footnotes":""},"class_list":["post-5","page","type-page","status-publish","hentry"],"_links":{"self":[{"href":"https:\/\/wernerzehe.de\/index.php?rest_route=\/wp\/v2\/pages\/5","targetHints":{"allow":["GET"]}}],"collection":[{"href":"https:\/\/wernerzehe.de\/index.php?rest_route=\/wp\/v2\/pages"}],"about":[{"href":"https:\/\/wernerzehe.de\/index.php?rest_route=\/wp\/v2\/types\/page"}],"author":[{"embeddable":true,"href":"https:\/\/wernerzehe.de\/index.php?rest_route=\/wp\/v2\/users\/1"}],"replies":[{"embeddable":true,"href":"https:\/\/wernerzehe.de\/index.php?rest_route=%2Fwp%2Fv2%2Fcomments&post=5"}],"version-history":[{"count":31,"href":"https:\/\/wernerzehe.de\/index.php?rest_route=\/wp\/v2\/pages\/5\/revisions"}],"predecessor-version":[{"id":1363,"href":"https:\/\/wernerzehe.de\/index.php?rest_route=\/wp\/v2\/pages\/5\/revisions\/1363"}],"wp:attachment":[{"href":"https:\/\/wernerzehe.de\/index.php?rest_route=%2Fwp%2Fv2%2Fmedia&parent=5"}],"curies":[{"name":"wp","href":"https:\/\/api.w.org\/{rel}","templated":true}]}}