{"id":711,"date":"2015-08-24T12:32:32","date_gmt":"2015-08-24T10:32:32","guid":{"rendered":"http:\/\/www.wernerzehe.de\/?page_id=711"},"modified":"2021-11-26T14:55:30","modified_gmt":"2021-11-26T13:55:30","slug":"klr-treffen-2015-in-eisenach","status":"publish","type":"page","link":"https:\/\/wernerzehe.de\/?page_id=711","title":{"rendered":"2015 &#8211; KLR Treffen  in Eisenach"},"content":{"rendered":"\n<p>Am Wochenende stand das KLR Treffen in Eisenach an.<br>Da ich Freitags Urlaub nehmen konnte, habe ich die Chance genutzt und bin schon Donnerstags angereist, um mit der KLR Freitag und Samstag die Gegend erkunden zu k\u00f6nnen.<br>ich war sehr \u00fcberrascht. landschaftlich sehr sch\u00f6n und auch fahrerisch anspruchsvolle Strecken gab es Zuhauf in der Region. gerade dem Rennsteig entlang hat es echt Laune gemacht. Kann ich jedem nur empfehlen sich die nette Ecke Deutschlands mal zu g\u00f6nnen. Anbei ein paar Eindr\u00fccke von der Tour.<\/p>\n\n\n\n<div class=\"wp-block-image\"><figure class=\"aligncenter\"><a href=\"https:\/\/www.wernerzehe.de\/wp-content\/uploads\/2015\/08\/landschaft1.jpg\"><img loading=\"lazy\" decoding=\"async\" width=\"300\" height=\"225\" src=\"https:\/\/www.wernerzehe.de\/wp-content\/uploads\/2015\/08\/landschaft1-300x225.jpg\" alt=\"landschaft1\" class=\"wp-image-727\" srcset=\"https:\/\/wernerzehe.de\/wp-content\/uploads\/2015\/08\/landschaft1-300x225.jpg 300w, https:\/\/wernerzehe.de\/wp-content\/uploads\/2015\/08\/landschaft1-1024x768.jpg 1024w, https:\/\/wernerzehe.de\/wp-content\/uploads\/2015\/08\/landschaft1-400x300.jpg 400w, https:\/\/wernerzehe.de\/wp-content\/uploads\/2015\/08\/landschaft1.jpg 1600w\" sizes=\"auto, (max-width: 300px) 100vw, 300px\" \/><\/a><\/figure><\/div>\n\n\n\n<div class=\"wp-block-image\"><figure class=\"aligncenter\"><a href=\"https:\/\/www.wernerzehe.de\/wp-content\/uploads\/2015\/08\/landschaft2.jpg\"><img loading=\"lazy\" decoding=\"async\" width=\"300\" height=\"225\" src=\"https:\/\/www.wernerzehe.de\/wp-content\/uploads\/2015\/08\/landschaft2-300x225.jpg\" alt=\"landschaft2\" class=\"wp-image-728\" srcset=\"https:\/\/wernerzehe.de\/wp-content\/uploads\/2015\/08\/landschaft2-300x225.jpg 300w, https:\/\/wernerzehe.de\/wp-content\/uploads\/2015\/08\/landschaft2-1024x768.jpg 1024w, https:\/\/wernerzehe.de\/wp-content\/uploads\/2015\/08\/landschaft2-400x300.jpg 400w, https:\/\/wernerzehe.de\/wp-content\/uploads\/2015\/08\/landschaft2.jpg 1600w\" sizes=\"auto, (max-width: 300px) 100vw, 300px\" \/><\/a><\/figure><\/div>\n\n\n\n<div class=\"wp-block-image\"><figure class=\"aligncenter\"><a href=\"https:\/\/www.wernerzehe.de\/wp-content\/uploads\/2015\/08\/landschaft3.jpg\"><img loading=\"lazy\" decoding=\"async\" width=\"300\" height=\"225\" src=\"https:\/\/www.wernerzehe.de\/wp-content\/uploads\/2015\/08\/landschaft3-300x225.jpg\" alt=\"landschaft3\" class=\"wp-image-729\" srcset=\"https:\/\/wernerzehe.de\/wp-content\/uploads\/2015\/08\/landschaft3-300x225.jpg 300w, https:\/\/wernerzehe.de\/wp-content\/uploads\/2015\/08\/landschaft3-1024x768.jpg 1024w, https:\/\/wernerzehe.de\/wp-content\/uploads\/2015\/08\/landschaft3-400x300.jpg 400w, https:\/\/wernerzehe.de\/wp-content\/uploads\/2015\/08\/landschaft3.jpg 1600w\" sizes=\"auto, (max-width: 300px) 100vw, 300px\" \/><\/a><\/figure><\/div>\n\n\n\n<div class=\"wp-block-image\"><figure class=\"aligncenter\"><a href=\"https:\/\/www.wernerzehe.de\/wp-content\/uploads\/2015\/08\/wasserfall.jpg\"><img loading=\"lazy\" decoding=\"async\" width=\"225\" height=\"300\" src=\"https:\/\/www.wernerzehe.de\/wp-content\/uploads\/2015\/08\/wasserfall-225x300.jpg\" alt=\"wasserfall\" class=\"wp-image-731\" srcset=\"https:\/\/wernerzehe.de\/wp-content\/uploads\/2015\/08\/wasserfall-225x300.jpg 225w, https:\/\/wernerzehe.de\/wp-content\/uploads\/2015\/08\/wasserfall-768x1024.jpg 768w, https:\/\/wernerzehe.de\/wp-content\/uploads\/2015\/08\/wasserfall.jpg 1200w\" sizes=\"auto, (max-width: 225px) 100vw, 225px\" \/><\/a><\/figure><\/div>\n\n\n\n<div class=\"wp-block-image\"><figure class=\"aligncenter\"><a href=\"https:\/\/www.wernerzehe.de\/wp-content\/uploads\/2015\/08\/wasserspeicher.jpg\"><img loading=\"lazy\" decoding=\"async\" width=\"300\" height=\"225\" src=\"https:\/\/www.wernerzehe.de\/wp-content\/uploads\/2015\/08\/wasserspeicher-300x225.jpg\" alt=\"wasserspeicher\" class=\"wp-image-732\" srcset=\"https:\/\/wernerzehe.de\/wp-content\/uploads\/2015\/08\/wasserspeicher-300x225.jpg 300w, https:\/\/wernerzehe.de\/wp-content\/uploads\/2015\/08\/wasserspeicher-1024x768.jpg 1024w, https:\/\/wernerzehe.de\/wp-content\/uploads\/2015\/08\/wasserspeicher-400x300.jpg 400w, https:\/\/wernerzehe.de\/wp-content\/uploads\/2015\/08\/wasserspeicher.jpg 1600w\" sizes=\"auto, (max-width: 300px) 100vw, 300px\" \/><\/a><\/figure><\/div>\n\n\n\n<div class=\"wp-block-image\"><figure class=\"aligncenter\"><a href=\"https:\/\/www.wernerzehe.de\/wp-content\/uploads\/2015\/08\/Spanferkel.jpg\"><img loading=\"lazy\" decoding=\"async\" width=\"300\" height=\"225\" src=\"https:\/\/www.wernerzehe.de\/wp-content\/uploads\/2015\/08\/Spanferkel-300x225.jpg\" alt=\"Spanferkel\" class=\"wp-image-730\" srcset=\"https:\/\/wernerzehe.de\/wp-content\/uploads\/2015\/08\/Spanferkel-300x225.jpg 300w, https:\/\/wernerzehe.de\/wp-content\/uploads\/2015\/08\/Spanferkel-1024x768.jpg 1024w, https:\/\/wernerzehe.de\/wp-content\/uploads\/2015\/08\/Spanferkel-400x300.jpg 400w, https:\/\/wernerzehe.de\/wp-content\/uploads\/2015\/08\/Spanferkel.jpg 1200w\" sizes=\"auto, (max-width: 300px) 100vw, 300px\" \/><\/a><\/figure><\/div>\n\n\n\n<p>Und die Verpflegung war auch vom Feinsten<br><\/p>\n\n\n\n<div class=\"wp-block-image\"><figure class=\"aligncenter\"><a href=\"https:\/\/www.wernerzehe.de\/wp-content\/uploads\/2015\/08\/klrs1.jpg\"><img loading=\"lazy\" decoding=\"async\" width=\"300\" height=\"113\" src=\"https:\/\/www.wernerzehe.de\/wp-content\/uploads\/2015\/08\/klrs1-300x113.jpg\" alt=\"klrs\" class=\"wp-image-726\" srcset=\"https:\/\/wernerzehe.de\/wp-content\/uploads\/2015\/08\/klrs1-300x113.jpg 300w, https:\/\/wernerzehe.de\/wp-content\/uploads\/2015\/08\/klrs1-1024x384.jpg 1024w, https:\/\/wernerzehe.de\/wp-content\/uploads\/2015\/08\/klrs1-500x188.jpg 500w, https:\/\/wernerzehe.de\/wp-content\/uploads\/2015\/08\/klrs1.jpg 1600w\" sizes=\"auto, (max-width: 300px) 100vw, 300px\" \/><\/a><\/figure><\/div>\n","protected":false},"excerpt":{"rendered":"<p>Am Wochenende stand das KLR Treffen in Eisenach an.Da ich Freitags Urlaub nehmen konnte, habe ich die Chance genutzt und bin schon Donnerstags angereist, um mit der KLR Freitag und Samstag die Gegend erkunden zu k\u00f6nnen.ich war sehr \u00fcberrascht. landschaftlich sehr sch\u00f6n und auch fahrerisch anspruchsvolle Strecken gab es Zuhauf in der Region. gerade dem [&hellip;]<\/p>\n","protected":false},"author":1,"featured_media":0,"parent":0,"menu_order":0,"comment_status":"closed","ping_status":"closed","template":"","meta":{"footnotes":""},"class_list":["post-711","page","type-page","status-publish","hentry"],"_links":{"self":[{"href":"https:\/\/wernerzehe.de\/index.php?rest_route=\/wp\/v2\/pages\/711","targetHints":{"allow":["GET"]}}],"collection":[{"href":"https:\/\/wernerzehe.de\/index.php?rest_route=\/wp\/v2\/pages"}],"about":[{"href":"https:\/\/wernerzehe.de\/index.php?rest_route=\/wp\/v2\/types\/page"}],"author":[{"embeddable":true,"href":"https:\/\/wernerzehe.de\/index.php?rest_route=\/wp\/v2\/users\/1"}],"replies":[{"embeddable":true,"href":"https:\/\/wernerzehe.de\/index.php?rest_route=%2Fwp%2Fv2%2Fcomments&post=711"}],"version-history":[{"count":4,"href":"https:\/\/wernerzehe.de\/index.php?rest_route=\/wp\/v2\/pages\/711\/revisions"}],"predecessor-version":[{"id":1042,"href":"https:\/\/wernerzehe.de\/index.php?rest_route=\/wp\/v2\/pages\/711\/revisions\/1042"}],"wp:attachment":[{"href":"https:\/\/wernerzehe.de\/index.php?rest_route=%2Fwp%2Fv2%2Fmedia&parent=711"}],"curies":[{"name":"wp","href":"https:\/\/api.w.org\/{rel}","templated":true}]}}